digit of i?
2
What is the tens digit of (-10 + (-261)/(-27))*-3729?
4
Let f = 64 - 57. Suppose t + 2*n + 1 = f*n, 3*n = 15. What is the tens digit of t?
2
Suppose i + 5*d - 604 = 0, -492 - 72 = -i + 3*d. What is the tens digit of i?
7
Let x(b) be the first derivative of 21*b**2/2 - 11*b - 28. What is the tens digit of x(5)?
9
Suppose 5*a = -1069 - 106. Let t = -166 - a. What is the units digit of t?
9
Let d = 2295 - 1227. What is the hundreds digit of d?
0
Let s be (-2)/(-4)*(-2 - -10). Let g(q) = q**3 - 5*q**2 + 2*q - 1. Let i be g(s). What is the units digit of ((-6)/i)/(2/3)?
1
Let t(a) = 28*a**2 + 2*a - 2. Let g be t(5). Suppose 6 = -4*q + 2*c + g, 3*c + 15 = 0. What is the units digit of q?
3
Let c(u) be the third derivative of -u**6/120 + u**5/5 - 5*u**4/12 - u**3/3 + 4*u**2. Let y be c(11). Suppose 0 = -2*a + 23 + y. What is the tens digit of a?
1
Let z be -2 + (-2 - -6) - 0. Suppose z*l - 7*l = -15. Suppose 0*a + a = 2*t + 28, -2*a = -l*t - 53. What is the tens digit of a?
2
Let h(i) = 4*i**2 - 3*i + 1. Let k = 17 - 16. Let m be h(k). Suppose -27 = z - m*z. What is the units digit of z?
7
Let h = 879 + -646. What is the units digit of h?
3
Let y = -8 - -13. Suppose -18*u = -y*u - 299. What is the units digit of u?
3
Let h(c) = c + 981. What is the hundreds digit of h(-78)?
9
Suppose 3*x = -z + 485 + 2392, -11492 = -4*z + 4*x. What is the hundreds digit of z?
8
Let m be 2/8*-2*-66. Suppose 5*w + m = l, -4*w = -4*l - 13 + 113. Suppose x - k = -5 + l, 0 = 4*x + 3*k - 72. What is the units digit of x?
8
Let z be 39/6 - (-6)/(-4). Let j = z + -3. What is the units digit of -16*(-2)/4 - j?
6
Suppose 5*j + 53 = 393. Let z = 140 - j. What is the tens digit of z?
7
Suppose -2*d - 3*d + 20 = 0. Suppose 0 = -d*g - g + 260. What is the units digit of g?
2
Let b = 19 - 21. Let m be (15/(-10))/(1/b). Suppose -4*a + 219 = 4*d + 47, d = -m*a + 39. What is the tens digit of d?
4
Let p be 124/4*1 + -3. Let s = 59 - 41. Let l = p - s. What is the tens digit of l?
1
Let i = 62 + -23. Let c be 234/(-15) + -1 + (-2)/5. Let g = i + c. What is the tens digit of g?
2
Suppose -2*a + 5*q + 4 = 25, -3*a - 19 = -5*q. What is the units digit of a?
2
Let i = 589 + -407. Suppose -g + 290 = 4*t, g - 34 = 2*t - i. What is the tens digit of t?
7
Suppose 21*z = 13*z + 2184. What is the hundreds digit of z?
2
Let d = 202 - 104. What is the units digit of d?
8
What is the units digit of (1/(-6)*-14)/(4/1344)?
4
Let f(r) = 15*r - 35. Let v = 31 + -25. What is the units digit of f(v)?
5
Suppose -2*n = -31*n + 3364. What is the tens digit of n?
1
Let g(w) = w**2 - 10*w + 77. What is the tens digit of g(0)?
7
Suppose 4*i + 5*w - 18 = 0, 6*w - w + 17 = i. Suppose -6 = 5*q - i*q. Let n(j) = 2*j - 4. What is the units digit of n(q)?
2
Let y = 786 - -16. What is the hundreds digit of y?
8
Let b = 3294 + -1951. What is the hundreds digit of b?
3
Let r(k) = k**2 + 8*k + 11. Let v be r(-6). Let b be 7*(v - (-260)/28). What is the tens digit of (1 - -3)*b/8?
2
Let c = -11 - -14. Suppose -c*j = -6*j + 600. What is the units digit of j?
0
Let j = 107 + -70. Suppose -3*d + 169 - j = 0. What is the tens digit of d?
4
Let r(j) = 5*j**2 + 2*j + 6. Let s be (-3)/(37/20 + -2). Let i be 5/s - 13/4. What is the units digit of r(i)?
5
Suppose -17*a = -19*a - 6. What is the tens digit of 172/(-12)*a + 4?
4
Suppose -2*u - 9 = 5*x, u + 0*x + 2*x + 3 = 0. What is the units digit of 24*(12/u)/4?
4
Let j = -383 + 588. What is the units digit of j?
5
Let j be 766/8 - (-6)/(-8). Let r be j/7 + 9/21. Let c = 38 - r. What is the units digit of c?
4
Suppose 0 = -2*d + 2*k + 780, 4*d - 4*k = 9*d - 1986. What is the units digit of d?
4
Suppose -66*d + 67*d = s + 972, -977 = -d + 2*s. What is the units digit of d?
7
Let h(i) = 304*i**2 - 3*i - 3. Let u be h(-1). Suppose -73 + u = 3*r. What is the units digit of r?
7
Suppose -628*t + 635*t - 2555 = 0. What is the hundreds digit of t?
3
Suppose -5*r - 20 = -0*r. Let j = r - -4. What is the tens digit of 59 + j/1 + 1?
6
Let y(g) = g**3 + 2*g**2 + 4*g + 3. Let i be y(-1). Suppose -n + 463 = 5*a - i*n, -451 = -5*a + 3*n. What is the tens digit of a?
9
Suppose -3*j = -11*c + 14*c - 3273, -2*j - 2166 = -2*c. What is the hundreds digit of c?
0
Suppose 8*c - 425 = -4*h + 5*c, 2*h - 4*c - 240 = 0. What is the units digit of h?
0
Let m = 2040 - 1360. What is the tens digit of m?
8
Let a(o) be the first derivative of -o**3/3 + 2*o + 2. Let t be a(0). What is the units digit of (-10)/(-4) - (-1)/t?
3
Let v = 288 + -78. What is the hundreds digit of v?
2
Let a = -61 + 107. Suppose -78 = -49*p + a*p. What is the units digit of p?
6
Let r(o) = o**3 - o**2 - o + 1. Let j(i) = 7*i**3 + 10*i**2 - 11*i + 23. Let l(u) = -j(u) + 6*r(u). What is the tens digit of l(-17)?
8
Let p = 128 - 1. What is the units digit of p?
7
What is the hundreds digit of ((-193032)/(-70))/4 - (-2)/(-5)?
6
Let g be ((-2)/(-5) - 0)/(34/4420). Suppose -2*n + 70 = -g. What is the tens digit of n?
6
Suppose 0 = -18*t + 20*t - 854. Let x = -243 + t. What is the tens digit of x?
8
What is the tens digit of (-8 + (-19)/(-2))/((-3)/(-2312))?
5
Suppose -5*f - 19 - 71 = 0. Let n = f - -22. Suppose -5*q + n*q + 12 = 0. What is the units digit of q?
2
Let g(q) = q**3 - 8*q**2 + 13*q. Let a be g(6). What is the units digit of 4/(-6)*a*(-158)/8?
9
Let v = -1062 + 1602. What is the units digit of v?
0
Let m = 330 + -179. Let d = -97 + m. What is the units digit of d?
4
Suppose -12 = 16*j - 380. What is the units digit of j?
3
Let v(g) = 3*g**2 + 2*g - 10. Let i be v(-4). Suppose -2*s + s + 24 = -4*z, 2*z + i = 5*s. What is the units digit of s?
4
Suppose 2*l - 4218 = 4*z, -l + 2024 + 100 = z. What is the thousands digit of l?
2
Let z(f) = 4*f + 19. Let c be z(-4). Suppose -c*o + 285 + 18 = 0. What is the hundreds digit of o?
1
Suppose -4993 = -5*w + 4*o, -w = -3*w - o + 2005. What is the thousands digit of w?
1
Suppose 2*m + 11 = -3. Let x = 29 + m. What is the tens digit of x?
2
Suppose 2*l - 255 - 949 = 2*s, 0 = -5*l + 4*s + 3005. What is the hundreds digit of l?
5
Suppose -5*x + 160 = 4*p, 0*x + 3*x + 4*p = 96. Let i = x + -7. Let b = 22 + i. What is the units digit of b?
7
Let n(c) = 89*c + 3314. What is the hundreds digit of n(0)?
3
Let b(c) = c**2 + 19*c + 18. Let f be b(-18). Suppose 7*g - 3*g - 368 = f. What is the tens digit of g?
9
Let h be -2*(-3 - (-119)/2). Let k = 202 + h. What is the units digit of k?
9
Let p = 29 - 25. Let g(m) = 2*m**2 + 3*m + 3. Let j be g(p). Suppose y = j + 13. What is the tens digit of y?
6
Let f(j) = j**3 + 21*j**2 + 10*j - 6. What is the tens digit of f(-11)?
9
Suppose 0 = 4*t - 20, 4*s - 4684 = -2*t + 598. What is the hundreds digit of s?
3
Suppose -3*f + 6 + 33 = 3*c, -5*f - 3*c + 73 = 0. Suppose -f = -5*m + 18. Suppose -2*i - 105 = -m*i. What is the units digit of i?
1
Let i be (-1 + -1)*(2 + 21/(-6)). What is the units digit of i + 1*80 + -1?
2
Let j be 4 + (-6 - -3) - -2. Suppose 3*s - 2 = w, -6*s - j*w + 20 = -2*s. Suppose -l - v + s = 0, -l - 4 = -4*l - v. What is the units digit of l?
1
Let h = -35 - -85. Let a = -15 + h. What is the tens digit of a?
3
Suppose 3*z - 15*n + 13*n - 791 = 0, n + 1048 = 4*z. What is the units digit of z?
1
Let f(j) = 84*j + 8. Let l be f(1). Let k = 77 + l. What is the tens digit of k?
6
Suppose 2*f - 24 = -3*z - 77, 0 = 2*z - 2. Let t = 83 - f. What is the tens digit of t?
1
Let l(q) = -4*q - 18. Let r be l(-13). Let g = r + -4. Suppose -4*t = -4*v - 72, 2*v + 3*v = 2*t - g. What is the tens digit of t?
2
Let x(j) = 11*j**2 + 2*j - 172. What is the thousands digit of x(16)?
2
Let p(t) = -t**3 + 10*t**2 - 14*t + 1. Let h(n) = n + 4. Suppose -15 = -5*d + 2*k, 2*k - 6*k = 0. Let g be h(d). What is the units digit of p(g)?
0
Suppose -4*x = -3*c - 6*x + 65, 5*c - 5*x - 75 = 0. Let k = 12 + c. Let t = -1 + k. What is the units digit of t?
0
Let o(i) = -2*i + 14. Let v be o(6). Suppose -g + 0*g = -3. Suppose -4*m + 54 + 28 = g*t, -v*m = 2*t - 40. What is the tens digit of m?
2
Let l(j) = 28*j + 6 - 27*j + 53*j. What is the tens digit of l(2)?
1
Let f(j) = j**2 + 9*j - 47. Let i = 15 - 1. What is the hundreds digit of f(i)?
2
Let j(v) = -3*v + 2. Let x be j(-10). Suppose 14*m - x = 13*m. What is the units digit of m?
2
Let q = 440 - 283. Suppo